70836?
2, 17, 107, 33311
List the prime factors of 41826197.
7, 5975171
List the prime factors of 21207087.
3, 11, 214213
What are the prime factors of 6190812696?
2, 3, 157, 1642997
List the prime factors of 1010043983.
13, 151, 599, 859
List the prime factors of 1237567572.
2, 3, 157, 24329
List the prime factors of 115517121.
3, 29, 1327783
List the prime factors of 463183835.
5, 92636767
What are the prime factors of 25457721?
3, 17, 29363
What are the prime factors of 550530727?
14537, 37871
List the prime factors of 1312658882.
2, 887, 739943
What are the prime factors of 177074466?
2, 3, 277, 106543
List the prime factors of 200554573.
200554573
What are the prime factors of 57938913?
3, 6437657
What are the prime factors of 260256474?
2, 3, 167, 86579
What are the prime factors of 54804801?
3, 18268267
What are the prime factors of 244942223?
173, 1415851
List the prime factors of 35547397.
23, 1545539
What are the prime factors of 6528660713?
6528660713
What are the prime factors of 9183522105?
3, 5, 263, 775963
List the prime factors of 23406432.
2, 3, 7, 61, 571
List the prime factors of 45176342.
2, 41, 73, 7547
List the prime factors of 284908308.
2, 3, 61, 389219
What are the prime factors of 592636458?
2, 3, 521, 189583
What are the prime factors of 301578290?
2, 5, 13, 967, 2399
List the prime factors of 276278941.
276278941
What are the prime factors of 61625501?
7, 41, 214723
List the prime factors of 828391063.
828391063
What are the prime factors of 478976877?
3, 31, 37, 46399
List the prime factors of 794169034.
2, 227, 1749271
List the prime factors of 1163335858.
2, 3793, 153353
What are the prime factors of 559465526?
2, 19, 61, 12703
List the prime factors of 1989688.
2, 73, 3407
List the prime factors of 3560421086.
2, 2731, 651853
List the prime factors of 99955121.
7, 17, 839959
What are the prime factors of 3348814896?
2, 3, 7, 3322237
List the prime factors of 3337452887.
151, 3797, 5821
What are the prime factors of 33146196?
2, 3, 2762183
List the prime factors of 2583944722.
2, 41, 53, 457, 1301
What are the prime factors of 147964047?
3, 7, 11, 547, 1171
What are the prime factors of 100368253?
100368253
List the prime factors of 175158581.
13, 829, 16253
What are the prime factors of 78602111?
7, 11228873
What are the prime factors of 6163734?
2, 3, 1027289
List the prime factors of 176206060.
2, 5, 1601, 5503
What are the prime factors of 425569595?
5, 11, 53, 67, 2179
List the prime factors of 565858401.
3, 503, 374989
What are the prime factors of 5725704256?
2, 8387, 10667
What are the prime factors of 910379178?
2, 3, 50576621
List the prime factors of 2737292727.
3, 13, 1489, 47137
What are the prime factors of 2530264782?
2, 3, 67, 137, 45943
What are the prime factors of 323638190?
2, 5, 32363819
List the prime factors of 889071338.
2, 17, 26149157
List the prime factors of 106045802.
2, 19, 2790679
List the prime factors of 112824403.
79, 1428157
List the prime factors of 655794930.
2, 3, 5, 7, 523, 853
List the prime factors of 70372368.
2, 3, 11, 59, 251
What are the prime factors of 1058243088?
2, 3, 7, 3149533
What are the prime factors of 118858309?
31, 3834139
What are the prime factors of 1197610921?
13, 92123917
What are the prime factors of 1236530369?
3779, 327211
What are the prime factors of 80770496?
2, 347, 3637
List the prime factors of 128423471.
11, 59, 17989
List the prime factors of 121198951.
3259, 37189
What are the prime factors of 57534064?
2, 7, 513697
List the prime factors of 971582672.
2, 60723917
List the prime factors of 223126107.
3, 331, 224699
List the prime factors of 397737300.
2, 3, 5, 1325791
List the prime factors of 88277470.
2, 5, 643, 13729
List the prime factors of 1336524433.
1336524433
What are the prime factors of 1283462307?
3, 23, 2066767
What are the prime factors of 476405419?
7, 431, 157907
What are the prime factors of 262111127?
262111127
List the prime factors of 40447338.
2, 3, 6741223
What are the prime factors of 77658142?
2, 17, 449, 5087
List the prime factors of 6381539875.
5, 31, 1646849
What are the prime factors of 439138469?
7, 11, 19, 300163
List the prime factors of 160779987.
3, 757, 23599
List the prime factors of 1707142588.
2, 479, 890993
What are the prime factors of 28477260?
2, 3, 5, 7, 97, 233
What are the prime factors of 57750036?
2, 3, 4812503
What are the prime factors of 16375653?
3, 7, 71, 523
List the prime factors of 24705843.
3, 8235281
List the prime factors of 11258418.
2, 3, 1876403
List the prime factors of 33378989.
7, 4768427
What are the prime factors of 1639449799?
13, 126111523
What are the prime factors of 60635767?
97, 625111
What are the prime factors of 69516788?
2, 11, 67, 23581
What are the prime factors of 3294884?
2, 823721
List the prime factors of 1057986468.
2, 3, 7, 11, 29, 41, 107
What are the prime factors of 44117796?
2, 3, 1277, 2879
List the prime factors of 82361990.
2, 5, 1087, 7577
List the prime factors of 3543106982.
2, 2633, 672827
List the prime factors of 134074065.
3, 5, 8938271
List the prime factors of 560533947.
3, 241, 491, 1579
What are the prime factors of 37590177?
3, 29, 47, 317
What are the prime factors of 161062750?
2, 5, 631, 1021
List the prime factors of 379351468.
2, 94837867
What are the prime factors of 796935368?
2, 41, 2429681
What are the prime factors of 1201231391?
1447, 830153
What are the prime factors of 2820122791?
17093, 164987
What are the prime factors of 39943509?
3, 13314503
What are the prime factors of 352217201?
7, 47, 1070569
List the prime factors of 59727192.
2, 3, 7, 355519
List the prime factors of 73516035.
3, 5, 19, 31, 53, 157
List the prime factors of 413494781.
7, 271, 31139
List the prime factors of 1203101227.
23, 31, 541, 3119
List the prime factors of 26341197.
3, 47, 127, 1471
List the prime factors of 18784151.
347, 54133
List the prime factors of 5886761979.
3, 7, 23, 2441, 4993
What are the prime factors of 127456021?
7, 11, 17, 97369
List the prime factors of 1161633506.
2, 11, 1019, 51817
What are the prime factors of 206191116?
2, 3, 19, 100483
What are the prime factors of 96068024?
2, 13, 89, 97, 107
What are the prime factors of 1201957536?
2, 3, 13, 107, 9001
What are the prime factors of 65260681?
3221, 20261
List the prime factors of 95409609.
3, 31803203
List the prime factors of 596898977.
596898977
What are the prime factors of 227894104?
2, 647, 44029
What are the prime factors of 1518446643?
3, 7, 10329569
List the prime factors of 7282905.
3, 5, 7, 139, 499
What are the prime factors of 55633051?
6277, 8863
List the prime factors of 570633920.
2, 5, 139, 12829
What are the prime factors of 184637173?
7, 293, 90023
List the prime factors of 3803935880.
2, 5, 95098397
What are the prime factors of 5106716524?
2, 7, 13, 1559, 8999
What are the prime factors of 331541401?
331541401
List the prime factors of 935032095.
3, 5, 53, 61, 6427
What are the prime factors of 152724408?
2, 3, 71, 89627
What are the prime factors of 118224561?
3, 7, 13, 29, 109, 137
What are the prime factors of 629891476?
2, 137, 269, 4273
List the prime factors of 1283237744.
2, 80202359
List the prime factors of 52820048.
2, 103, 32051
List the prime factors of 5312643.
3, 7, 252983
List the prime factors of 82064320.
2, 5, 13, 19727
What are the prime factors of 402834123?
3, 59, 758633
What are the prime factors of 32356044?
2, 3, 7, 127, 337
What are the prime factors of 3057259258?
2, 19, 739, 108869
List the prime factors of 629471901.
3, 67, 3131701
List the prime factors of 239608465.
5, 47921693
What are the prime factors of 404015830?
2, 5, 40401583
List the prime factors of 5767586.
2, 11, 23833
What are the prime factors of 2288591843?
79, 28969517
What are the prime factors of 920693069?
61, 15093329
What are the prime factors of 27505065?
3, 5, 7, 17, 19, 811
What are the prime factors of 79973378?
2, 43, 313, 2971
List the prime factors of 887236179.
3, 19, 29, 536743
List the prime factors of 849714584.
2, 197, 539159
List the prime factors of 350690871.
3, 3449, 33893
What are the prime factors of 604070152?
2, 7, 109, 98963
List the prime factors of 607632535.
5, 103, 1179869
What are the prime factors of 326899481?
326899481
W